e v = 2*u - u - 5. What is the units digit of u?
5
Let l(b) = -b**3 - 6*b**2 + 7*b + 4. Let z be l(-7). Suppose q + 15 = -0*q + 5*m, 0 = 4*q + z*m - 60. What is the units digit of q?
0
Suppose -f = -4, 2*f + 24 = 4*k - f. Suppose 2*q = -q + k. What is the units digit of q?
3
Suppose -4*l - 2*u + 28 = 0, -u + 7 = l + 2*u. Suppose 0 = 3*v - l*v + 36. What is the units digit of v?
9
Let w(p) be the second derivative of -p**3/3 - 8*p**2 - 2*p. What is the units digit of w(-11)?
6
Let w(f) = -f**2 - 10*f + 5. What is the tens digit of w(-6)?
2
Suppose -6*d = -4*d - 54. What is the units digit of d?
7
Let v(t) = -40*t - 1. What is the units digit of v(-1)?
9
Suppose -3*k = 2*k. Suppose k = -h - 0*h + 8. Suppose -m + h = m. What is the units digit of m?
4
Let y = -33 - -45. What is the units digit of y?
2
Let y(t) = -t**3 - 6*t**2 - 4*t - 1. Let z be y(-5). Let m(d) = -d - 8. Let b be m(z). What is the units digit of b/(-7) + 38/14?
3
Let s(y) = 19*y - 1. What is the units digit of s(1)?
8
Suppose 196 = 6*c - 2*c. What is the units digit of c?
9
Suppose 5 = y - 20. What is the units digit of y?
5
Let h = -10 + 12. Let r = h - -3. What is the units digit of r?
5
Suppose -24 = -7*s + 2*s - 4*v, 0 = 3*s + 2*v - 14. Suppose 2*a = s*a + 2. Let j = 4 - a. What is the units digit of j?
5
Let v(k) = -20*k - 14. What is the units digit of v(-5)?
6
Suppose 2*l - 13 - 7 = 0. Let i(g) = 10*g + 11 - 2*g**3 + l*g**2 + 0*g**3 + 3*g**3. What is the units digit of i(-9)?
2
Let h(j) = -1. Let a(o) = o**3 + o**2 + 27. Let z(r) = a(r) - 2*h(r). What is the units digit of z(0)?
9
Let u be (6 - 1)*4/4. Suppose 1 - u = -o. What is the units digit of o?
4
Let k(b) = -b - 5*b - 3 - 3 + 4. What is the tens digit of k(-3)?
1
Let m be (-1 - -9)*(-8)/4. Let v = -7 - m. What is the units digit of v?
9
Suppose r - l = 6, -5*r + 2*l + 18 = -9. Let z(p) = 14 - 2*p - 6 + p. What is the units digit of z(r)?
3
What is the tens digit of (34/5)/(14/210)?
0
Let p(o) = -o**2 - 4*o + 3. Let j be p(-4). Suppose -j = x + l, x + 4*l + 17 = 2*x. Suppose 0 = t - x - 3. What is the units digit of t?
4
Suppose -b = -0*b. Let a be (b - -1)/((-4)/24). What is the units digit of (12/(-5))/(a/20)?
8
Let g be (24/10)/((-3)/60). Let d = -29 - g. What is the units digit of d?
9
Let w = 6 - 6. Suppose w*q = -2*q + 28. What is the tens digit of q?
1
Suppose 4*k = -5*w + 2098 - 323, -k = -w + 364. What is the hundreds digit of w?
3
What is the tens digit of (-338)/(-6) + 32/(-24)?
5
Let v be (1*7)/(6 - 5). What is the units digit of v + ((-4)/(-2) - 5)?
4
Let t = -8 - -6. What is the units digit of t/(-1) + 3 + -3?
2
Suppose -5*d + 15 = 0, 24 - 142 = 5*l + 4*d. Let c be (91 - 1)*(-9)/18. Let r = l - c. What is the units digit of r?
9
Let q(g) = 21*g**2 + 4*g. What is the units digit of q(2)?
2
Let y = -13 - -12. Suppose 0 = 2*x + x. What is the units digit of 4 + y - (0 - x)?
3
Let b be (-2)/(-5) - 32/5. Let o = -2 - b. What is the units digit of o?
4
Let s = 93 + -47. What is the units digit of s?
6
Suppose 0*r - 4*r = 4*z - 256, -z = -4. Suppose -4*q - 53 = -5*o, 4*o + 0*o + 2*q - 32 = 0. Suppose -r = -o*y + 4*y. What is the units digit of y?
2
Suppose 0 = -0*l + 5*l - 870. What is the hundreds digit of l?
1
Suppose -11 = -2*v - x + 29, 2*v = 5*x + 52. What is the units digit of 6/v - (-33)/7?
5
Let u(x) = -x + 8. Let g be u(6). Suppose g*h - 42 = -2. What is the tens digit of h?
2
Suppose 2 - 5 = -4*m - 5*b, m + 3 = -2*b. Let k = 7 - m. Let r = 1 - k. What is the units digit of r?
1
What is the tens digit of (-2740)/(-18) + 2/(-9) + 0?
5
Let m(c) = 2*c**2 + 4*c. Let o be m(-4). Let g = o - 3. What is the units digit of g?
3
Let j(g) = -2*g - 1. Let s be j(1). What is the units digit of 10/(7/2 + s)?
0
Let c(p) = p + 3. Suppose 6 + 4 = 5*q. Suppose -27 = -q*x - x. What is the units digit of c(x)?
2
Let q be 40/(-15)*6/(-4). Let w(d) = -2*d**2 - q*d - 1 + 2 + d**2. What is the units digit of w(-3)?
4
Let u(q) = -2*q - 8. Let l be -2 + (0 - (-1 + -48)). Suppose -3*m = -4*k - l, -m = -0 - 5. What is the units digit of u(k)?
8
Let v(u) = 2*u**2 - 3*u + 6. Let s be v(6). Suppose -5*d + 0 = -s. What is the tens digit of d?
1
Let v(u) = -u**3 + 6*u**2 - u - 1. Let k be v(5). Let x = k + -9. Suppose x = 4*q + q. What is the units digit of q?
2
Let v be (-3)/5 + 176/10. Suppose 5*w + v = 6*w. What is the tens digit of w?
1
Let h(i) = 2*i**2 + 3*i - 3. Let w be (3/4)/((-2)/8). Let q be h(w). Suppose -2*j = -0*j - q. What is the units digit of j?
3
Let b(q) = 31*q**2 - 1. Let u be b(1). Suppose 0 = -3*j + u - 9. Suppose -5*d + 22 - j = 0. What is the units digit of d?
3
Suppose 0 = u - 6*u + 345. Suppose 5*b + 9 - u = 0. What is the units digit of b?
2
Suppose 0 = 9*o - 7*o - 8. Suppose -2*z = 4*c - 48, 3*z + 10 = o*c - 48. What is the tens digit of c?
1
Suppose -25 = 3*s + 8. Let a = 17 + s. What is the units digit of a?
6
Let s(p) = p**3 + 12*p**2 + 12*p + 12. What is the units digit of s(-11)?
1
Suppose -4*t = t. Suppose 5*x - 3*w - 44 = t, -4*w - 27 = -4*x + 13. What is the units digit of x?
7
Let f = 11 - 1. Suppose -5*j + 10 = -f. What is the units digit of j?
4
Let b(y) = -14*y - 13. What is the units digit of b(-6)?
1
Let z(s) = s**2 + 0*s**2 + s**2. Let d be z(1). What is the units digit of d + 11 - (-2)/(-2)?
2
Suppose -o - 69 = -3*s, s = 2*s - o - 23. What is the units digit of s?
3
Let c(d) = d - 8. Let z = 10 + -1. Let f be c(z). Let j(y) = 3*y**2 + y - 1. What is the units digit of j(f)?
3
What is the units digit of (4 + (-174)/9)*-3?
6
Let u = 287 + -190. What is the units digit of u?
7
Let q be (3 - 1) + (2 - 10). Let t = 25 + q. What is the units digit of t?
9
Suppose -6*k + 309 = -327. What is the hundreds digit of k?
1
Suppose -5*t = -w + 6*w - 560, w = 3*t - 352. What is the tens digit of t?
1
Let n(d) = -4*d - 7. Let f(k) = 1. Let g(l) = f(l) + n(l). What is the units digit of g(-4)?
0
Let j be ((-26)/8)/(6/(-48)). What is the units digit of (-5)/(-7) - j/(-91)?
1
Suppose 5*t - 2*t = -12. Let r(z) = -z**3 - 4*z**2 - 4*z - 6. What is the tens digit of r(t)?
1
Let i(r) = -134*r - 9. What is the hundreds digit of i(-2)?
2
Suppose 11*s = s + 700. What is the units digit of s?
0
Let i be (-1)/3 + 868/12. Suppose -i = -4*b + 40. Suppose -3*q + 7*q = b. What is the units digit of q?
7
Suppose -4*g = -2*f + 50, -4*g - g = 4*f - 61. What is the tens digit of f?
1
Let c = 8 + -5. Let z = c + 4. Let l = z + -3. What is the units digit of l?
4
Let v be 1 - (2 + -1 + -3). Suppose v*d = -11 - 16. What is the units digit of -3*2/3 - d?
7
Let a(d) = -d**3 + 7*d**2 + 3. Let t be a(7). Suppose 0 = -t*v + v + 12. Suppose 2*r = 5*r - v. What is the units digit of r?
2
Let z be (2*(2 - 1))/(-2). What is the units digit of 3*(9 + -3 + z)?
5
Suppose 5*t - 2*t - 3 = 0. Let o(a) = 6*a - 1. What is the units digit of o(t)?
5
Let z(n) = n + 1. Let w be z(-6). Let h = w - -7. Suppose i = -h*i + 9. What is the units digit of i?
3
Let p = 138 + -61. What is the tens digit of p?
7
Let m(k) = -166*k**3 + 2*k**2 + 3*k + 1. What is the hundreds digit of m(-1)?
1
Suppose -2*f + 5*a + 650 = 2*f, 3*f - 484 = 2*a. What is the tens digit of f?
6
Let s(g) = -g**2 - 2*g - 2. Let w be s(-3). Let i = w - -8. What is the units digit of i?
3
Suppose 4*f + f - 20 = 0. Suppose -69 = -a - 4*a + v, 5*a + f*v - 49 = 0. What is the units digit of a?
3
Let b(x) = 8*x**2 - 2*x + 1. Let q(p) = 1 - p**3 - 3*p**2 - 4 + 1 - p. Let d be q(-3). What is the units digit of b(d)?
7
Suppose -2*b - 5*x - 28 = b, 2*b = -2*x - 20. Let u(q) = -q**3 - 11*q**2 - q - 10. What is the units digit of u(b)?
1
Suppose 50*k - 49*k - 7 = 0. What is the units digit of k?
7
Let b(a) = 5*a**3 + 1. Let p be b(1). Let z(o) = -o**2 + 6*o + 6. What is the units digit of z(p)?
6
Let x = 0 - -8. What is the units digit of x?
8
Suppose 6*g - 205 = 5*g. Suppose 5*v - 195 = -4*b + 6, g = 5*v + 5*b. What is the tens digit of v?
3
Suppose a - 129 - 108 = 0. Suppose 3*c = -0*c + a. Suppose c = 4*y + w, y - 4*y = -w - 68. What is the tens digit of y?
2
What is the tens digit of 28 + -3 + 0/1?
2
Let h(t) = -t. Let p be h(-5). Let l(q) = -p + 3*q - 5*q + 4*q. What is the units digit of l(7)?
9
Suppose -3*n = -2*r - 60, -2*n - 2*r = -7*n + 96. Let i = n - -2. Suppose 2*v + 0*g = 3*g +